te s(15).
-5
Let n(o) = -10*o**2 + 535*o - 6884. What is n(32)?
-4
Let r(d) = 29*d**2 + 219*d + 117. Determine r(-7).
5
Let x(y) = -y**3 - 35*y**2 - 66*y + 138. Calculate x(-33).
138
Let z(w) = -w**2 + 81*w + 7. What is z(5)?
387
Let j(l) = l**3 - 78*l**2 - 529*l - 153. Determine j(-6).
-3
Let c(u) = 17*u**2 + 167*u - 15. Calculate c(-10).
15
Let x(a) = -184*a - 127. Calculate x(4).
-863
Let c(o) = -2*o + 95. Determine c(18).
59
Let h(j) = 693*j + 15989. Determine h(-23).
50
Let u(l) = 100*l - 602. Give u(6).
-2
Let h(i) = 2*i**3 + 81*i**2 + 33*i - 218. Give h(-40).
62
Let h(g) = -g**2 - 22*g - 65. Calculate h(-25).
-140
Let g(d) = d**3 - 14*d**2 + 3*d + 115. Calculate g(12).
-137
Let t(k) = -6*k - 31. Determine t(0).
-31
Let s(c) = -3*c + 79. What is s(20)?
19
Let i(v) = -76*v - 1430. Calculate i(-19).
14
Let n(c) = -2*c**3 + 12*c**2 + 17*c - 92. Calculate n(7).
-71
Let p(h) = h**2 + 80*h + 1148. Determine p(-62).
32
Let w(b) = 2*b**3 + 2*b**2 + 7*b + 43. What is w(-3)?
-14
Let g(n) = -305*n + 1349. Calculate g(5).
-176
Let o(b) = -29*b + 111. What is o(14)?
-295
Let d(i) = 44*i + 361. Determine d(-8).
9
Let g(u) = -u**3 + 10*u**2 - 17*u - 41. Give g(7).
-13
Let p(g) = 5*g**3 + 49*g**2 + 88*g + 120. Give p(-8).
-8
Let n(o) = -o**3 - 20*o**2 - 135*o - 693. What is n(-14)?
21
Let m(o) = 211*o - 24901. What is m(118)?
-3
Let o(x) = -33*x + 296. Determine o(11).
-67
Let c(j) = -340*j - 364. What is c(-1)?
-24
Let t(v) = -3*v**2 + 108*v - 275. What is t(29)?
334
Let p(j) = -11*j**2 + 68*j - 10. Give p(6).
2
Let c(y) = 34*y**3 + y**2 - 16*y + 32. Determine c(2).
276
Let t(k) = 141*k - 2416. Determine t(17).
-19
Let q(d) = -5*d**2 + 355*d + 2312. What is q(77)?
2
Let n(u) = 5*u**2 + 10*u - 42. Determine n(3).
33
Let r(q) = -q**2 - 83*q - 1195. Give r(-12).
-343
Let j(x) = -41*x**3 - 4*x**2 - 12*x - 20. Give j(-2).
316
Let b(f) = 80*f - 1322. What is b(16)?
-42
Let y(n) = 13*n - 641. What is y(51)?
22
Let u(g) = -g**3 - 46*g**2 - 83*g + 137. Calculate u(-44).
-83
Let s(x) = 13*x**3 - 84*x**2 + 76*x + 6. Determine s(1).
11
Let r(y) = y**3 + 53*y**2 + 601*y - 411. Determine r(-36).
-15
Let h(m) = -103*m - 344. What is h(-3)?
-35
Let h(j) = j**3 + 9*j + 26. Calculate h(-6).
-244
Let u(q) = -143*q - 18871. Give u(-132).
5
Let p(h) = 2*h**3 - 14*h**2 + 10*h + 2. Give p(6).
-10
Let i(t) = -14321*t - 85966. Calculate i(-6).
-40
Let c(a) = a**3 - 20*a**2 - 267. What is c(0)?
-267
Let c(b) = -5*b**3 + 161*b**2 + 2*b - 1088. Calculate c(32).
0
Let a(t) = 2*t**3 + 39*t**2 + 32*t + 200. Give a(-19).
-47
Let w(h) = -3*h**2 - 22*h + 50. Give w(-10).
-30
Let x(r) = -78*r + 46. Determine x(0).
46
Let c(w) = -3986*w + 15937. Determine c(4).
-7
Let y(k) = 3*k**3 + 43*k**2 + 30*k + 218. Give y(-14).
-6
Let r(x) = -2*x - 345. Give r(-43).
-259
Let r(b) = -2*b**2 + 79*b + 503. Determine r(45).
8
Let p(x) = -2*x**2 - 67*x + 6131. Determine p(41).
22
Let l(q) = 32*q**2 - 712*q + 36. Calculate l(22).
-140
Let q(y) = -26*y + 82. Calculate q(-3).
160
Let j(r) = -29*r**2 - 3*r + 2. Calculate j(-3).
-250
Let p(c) = 24*c**2 - 717*c - 90. What is p(30)?
0
Let y(h) = h**2 - 132*h + 2433. Give y(22).
13
Let p(m) = -38*m**2 - 54*m + 95. Give p(2).
-165
Let r(s) = 8*s**2 + 8*s - 274. Give r(-7).
62
Let x(t) = -61*t - 95. Calculate x(-7).
332
Let d(k) = k**2 - 27*k + 153. Calculate d(17).
-17
Let s(k) = k**3 + 112*k**2 - 229*k - 115. Give s(-114).
-1
Let v(u) = -2*u**2 + 97*u - 543. Give v(42).
3
Let q(o) = -2*o**2 + 15*o - 33. Give q(4).
-5
Let p(d) = 38*d**2 - 10*d - 7. Give p(-3).
365
Let y(l) = -l**3 - 16*l**2 + 22*l + 568. Calculate y(-7).
-27
Let f(z) = -164*z - 5957. Give f(-36).
-53
Let r(g) = 7*g**3 - 16*g**2 - 422*g - 6. What is r(9)?
3
Let s(y) = 108*y + 55. Determine s(2).
271
Let g(w) = -36*w**2 + 203*w + 612. Determine g(-3).
-321
Let z(w) = -w**2 - 70*w + 72. Give z(1).
1
Let s(i) = -i**3 + 18*i**2 - 17*i - 14. What is s(15)?
406
Let n(w) = 6*w**3 - 493*w**2 + 70*w + 988. What is n(82)?
4
Let t(i) = 210*i - 29191. Determine t(139).
-1
Let a(p) = -53*p + 201. Give a(5).
-64
Let q(h) = -21*h**2 - 6*h + 19. Give q(3).
-188
Let q(v) = 7*v**3 + 8*v**2 + 6*v. Give q(-2).
-36
Let s(a) = -3*a**3 + 24*a**2 - 12*a + 31. Give s(5).
196
Let q(t) = -1605*t + 12823. Calculate q(8).
-17
Let j(s) = -s**3 + 41*s**2 + 87*s - 42. Give j(43).
1
Let d(k) = 2*k + 171. Calculate d(-94).
-17
Let f(v) = 3*v**3 + 67*v**2 - 16*v + 686. Calculate f(-23).
-4
Let h(k) = 161*k - 41. What is h(-1)?
-202
Let q(w) = 2*w**3 + 57*w**2 + 93*w + 346. Calculate q(-27).
22
Let n(j) = -3*j**3 - 21*j**2 - 2*j + 78. Calculate n(-8).
286
Let y(q) = 5*q**2 + 14*q - 26. Give y(-4).
-2
Let x(u) = u**3 + u**2 - 90*u - 89. What is x(-1)?
1
Let c(x) = 373*x - 716. Give c(2).
30
Let q(k) = -5*k**3 + 38*k**2 - 45*k + 2. Determine q(7).
-166
Let k(r) = 9*r**3 - 5*r - 4. What is k(-2)?
-66
Let j(k) = k**2 + 66*k + 1046. Give j(-34).
-42
Let q(g) = -g**2 + 61*g + 4125. Give q(-39).
225
Let v(h) = -6*h**2 - 8*h + 4. Calculate v(-4).
-60
Let g(x) = 111*x - 5390. Give g(49).
49
Let k(d) = -11*d - 80. Give k(8).
-168
Let z(k) = 3*k**3 - 6*k**2 - 35*k - 31. What is z(-2)?
-9
Let l(y) = 40*y - 1671. Determine l(41).
-31
Let d(i) = -15*i**3 + i**2 + 8*i + 5. Give d(-3).
395
Let t(z) = -z**2 + 11*z + 805. Calculate t(30).
235
Let j(q) = -8*q**2 + 11*q + 5. Calculate j(5).
-140
Let s(k) = -3*k**3 + 94*k**2 + 66*k + 35. What is s(32)?
99
Let k(u) = 2*u**2 + 247*u + 496. Give k(-2).
10
Let y(a) = -31*a - 97. Give y(1).
-128
Let z(i) = i**2 + 55*i + 428. Determine z(-8).
52
Let y(j) = j**3 + 4*j**2 + 9*j + 64. Determine y(-5).
-6
Let q(k) = -k**2 + 24*k + 15. Calculate q(0).
15
Let k(i) = 131*i + 51. Give k(0).
51
Let o(g) = g**2 - 2113*g - 12714. What is o(-6)?
0
Let u(g) = -32*g**2 - 37*g + 155. What is u(4)?
-505
Let r(k) = 65*k - 2673. Calculate r(42).
57
Let f(i) = 24*i - 1287. Calculate f(52).
-39
Let h(q) = -1629*q - 3264. Determine h(-2).
-6
Let m(h) = 5761*h + 28806. What is m(-5)?
1
Let o(j) = -1319*j - 2634. Determine o(-2).
4
Let r(v) = 2*v**2 + 142*v + 279. Give r(-2).
3
Let w(b) = 231*b + 16165. Determine w(-70).
-5
Let b(u) = 3*u**3 - 3*u**2 - 11*u. Calculate b(-4).
-196
Let n(a) = 123*a**2 - 1110*a + 7. Give n(9).
-20
Let h(i) = -763*i + 1530. Determine h(2).
4
Let u(z) = 44*z**2 - 670*z + 98. Determine u(15).
-52
Let g(h) = h**3 + 77*h**2 + 882*h + 18. Calculate g(-14).
18
Let f(w) = -w**2 + 52*w + 86. Determine f(53).
33
Let p(x) = -x**3 - 19*x**2 + 114*x + 86. Determine p(-24).
230
Let p(a) = -a**3 + 242*a**2 + 985*a - 243. Give p(246).
3
Let b(k) = -k**3 - 5*k**2 + 54*k + 33. Determine b(-10).
-7
Let b(a) = -a**3 + 5*a**2 + 5*a - 11. Calculate b(3).
22
Let w(f) = -32*f - 72. Determine w(-5).
88
Let m(o) = 199*o + 1621. Give m(-8).
29
Let f(p) = -p**3 + 11*p**2 + 39*p + 52. Give f(14).
10
Let z(i) = -11889*i + 71365. Determine z(6).
31
Let j(s) = -s**3 + 19*s**2 - 1735*s + 35100. Give j(20).
0
Let j(b) = -b**3 - 9*b**2 + 100*b - 2. What is j(7)?
-86
Let u(h) = 366*h - 4028. What is u(11)?
-2
Let c(u) = -126*u**2 - 373*u + 372. What is c(1)?
-127
Let l(o) = 15*o**2 + 4*o - 6. Give l(-3).
117
Let k(h) = 3*h**2 - 37*h + 111. Calculate k(7).
-1
Let i(k) = -k**3 + 2*k**2 + 36*k - 6. Give i(0).
-6
Let u(p) = p**3 + 148*p**2 - 1086*p - 200. Determine u(-155).
-45
Let v(z) = 3*z**3 - 19*z**2 - 9. Determine v(6).
-45
Let k(y) = -y**3 + 44*y - 275. Give k(8).
-435
Let q(s) = -s**3 + s**2 + 95*s - 533. Determine q(6).
-143
Let f(h) = -3*h**3 + 34*h**2 + 30*h - 69. Determine f(12).
3
Let j(h) = 26*h**2 + 252*h - 506. What is j(2)?
102
Let v(y) = -y**2 - 16*y - 30. Determine v(-13).
9
Let i(y) = -1068*y - 5339. What is i(-5)?
1
Let z(a) = a**2 - 12294*a - 61498. What is z(-5)?
-3
Let q(z) = 32*z**2 + 606*z - 19. Determine q(-19).
19
Let m(i) = -2*i**3 + 70*i**2 - 66*i - 72. What is m(34)?
-4
Let k(a) = -5*a**2 - 39*a + 60. Calculate k(-11).
-116
Let h(k) = -k**2 - 121*k + 899. Determine h(7).
3
Let d(t) = -4579*t - 41206. Determine d(-9).
5
Let n(b) = -221*b + 2063. Calculate n(9).
74
Let p(y) = -y**3 + 18*y**2 - 17*y - 3. Calculate p(17).
-3
Let k(v) = -v**2 + 14*v + 6. Calculate k(9).
51
Let z(w) = -552*w - 9. What is z(0)?
-9
Let n(c) = -10*c + 1690. Calculate n(168).
10
Let i(r) = -8*r**2 - 120*r - 10. Give i(-14).
102
L